
Let h(a) = -a**3 + 9*a**2 - 11*a + 5. Let b be h(7). Let r = b - 17. Suppose 5*i = -r + 59. List the prime factors of i.
2, 5
What are the prime factors of 34*2 + (-36)/(-9)?
2, 3
Let j = 137 + -75. What are the prime factors of j?
2, 31
Let v = -7 - -24. Suppose 4*j + 3*m + 8 = 0, -4*m - v + 2 = j. List the prime factors of -2 - 26/(j*-2).
11
Suppose -4*d = d - 140. List the prime factors of d.
2, 7
Suppose 3*t - 6*c - 347 = -2*c, -1 = -c. What are the prime factors of t?
3, 13
Let v be 14/2*(-3)/3. Let i(q) = q**3 - 4*q**2 + 3*q - 2. Let x be i(3). What are the prime factors of (v*(3 + x))/(-1)?
7
Suppose -6*q - 63 = -3*q. Let g = 36 + q. What are the prime factors of g?
3, 5
Let m(w) = w**2 - 4*w + 6. What are the prime factors of m(7)?
3
Let d = 10 - 53. List the prime factors of 3 + -1 - 3 - d.
2, 3, 7
Suppose -2*u - 12 = -2*j, 0*j + 5*j - 18 = -u. Suppose 0 = k - 20 + j. List the prime factors of k.
2
Let g(h) = h + 2. Let t be g(10). Let u be (-52)/(-14) - 12/(-42). Suppose u*o - t = 2*o. List the prime factors of o.
2, 3
Suppose -1 - 31 = -v + 5*f, v + 3*f - 24 = 0. List the prime factors of v.
3
Suppose r - 23 = 4*m, -3*m + 2*m = 5*r - 115. Let k = r - 15. Suppose -2*c - 2*c + k = 0. What are the prime factors of c?
2
Let v(j) = 3*j**2 + j - 1. Let r be v(1). Suppose -2*q + r = -q. Suppose -q*h = h - 48. List the prime factors of h.
2, 3
Let i = 44 + 1. List the prime factors of i.
3, 5
Suppose 5*t + 5*a = 45, -4*t + a = -3*a - 76. What are the prime factors of t?
2, 7
Suppose -3*m - 3 = -105. What are the prime factors of m?
2, 17
Let p = -7 - -24. List the prime factors of p.
17
Let k = 14 + -6. List the prime factors of 188/k + 1/(-2).
23
Let h(s) = -s**3 + 2*s**2 + 4*s - 1. Suppose -3 + 5 = a. Suppose -6 = -a*d - 0*d. What are the prime factors of h(d)?
2
Suppose 7*b = 5*l + 2*b - 115, -l = -4*b - 29. What are the prime factors of l?
3, 7
Let t(m) = m**2 - m + 28. What are the prime factors of t(-10)?
2, 3, 23
Suppose 0 = -a - a + 46. Let t = 45 - a. List the prime factors of t.
2, 11
Suppose 5*l - 6*l + 232 = 0. List the prime factors of l.
2, 29
Suppose -f - 3*f + 2*y - 2 = 0, 2*f - 19 = 5*y. List the prime factors of f/21 - (-256)/28.
3
Let v(o) = o + o + 8*o. Let g(z) = -z + 6. Let x be g(5). List the prime factors of v(x).
2, 5
Let h = 79 - -34. What are the prime factors of h?
113
Let h(m) = m**3 + 41. What are the prime factors of h(0)?
41
Suppose 2*d - 260 = -5*u, 4*d + 5*u = 3*u + 536. List the prime factors of d.
3, 5
Suppose -o + 9 = 2*o. Suppose 0 = -3*z + k + 43, z = -2*z + o*k + 33. What are the prime factors of z?
2
Let g(u) = 8*u**2 + 3*u. Let l be g(-2). Suppose -2*y - 5*p + 33 = 2*y, 2*p + l = 4*y. Let j = 14 - y. List the prime factors of j.
7
Suppose 0 = 3*z - 2*z - 13. Let i = z + -9. What are the prime factors of i?
2
Let f(d) = -d - 8. Let w be f(7). Let b = -23 - w. What are the prime factors of 1/(-4) + (-74)/b?
3
Let q be ((-20)/8 - -2)*-64. Let z = 57 - q. What are the prime factors of z?
5
What are the prime factors of 482*4/48 + 3/(-18)?
2, 5
Let a be (0 + -3)*(-14)/6. Let s = -4 + a. Suppose -2*c + 33 = -s*z, -z + 0*z = 4*c - 45. What are the prime factors of c?
2, 3
Let o = -32 - -53. Suppose 5*w - o = 2*w. What are the prime factors of w?
7
Let f(i) be the second derivative of -1/6*i**4 - i**2 - i + 2/3*i**3 + 1/20*i**5 + 0. What are the prime factors of f(2)?
2, 3
Let t = 176 - 90. What are the prime factors of t?
2, 43
Let w(r) = -r**3 - 4*r**2 - 3*r - 2. Let h be w(-4). Let d = h - 2. List the prime factors of d.
2
Let l = 13 - 6. Let t(b) = -b**2 - 8*b + 4. Let n(q) = 2*q**2 + 15*q - 7. Let i(j) = l*t(j) + 4*n(j). List the prime factors of i(-6).
2, 3
Let x be 15/4*(-1 - 3). Let d be (-1)/((9/x)/3). Suppose 3*c + 2*u - 23 = 10, 0 = -c + d*u - 6. List the prime factors of c.
3
Suppose -3*q + 78 = -4*r + 13, 55 = 3*q - 2*r. List the prime factors of q.
3, 5
Suppose 0 = 8*v - 4*v - 80. Suppose -33 - v = -3*k - l, -5*l + 73 = 3*k. List the prime factors of k.
2
Let c(f) = 2*f + 4 + 2*f - f**2 - f. Let q = -46 - -49. What are the prime factors of c(q)?
2
Let f = 318 + -159. List the prime factors of f.
3, 53
Let g(o) = -2*o - 5. Let i be g(-4). Let h(w) = -w + 55. Let n be h(0). Suppose -u + 40 = 2*u + 2*c, -i*c + n = 4*u. What are the prime factors of u?
2, 5
Let f(s) = 113*s**2 + s - 1. What are the prime factors of f(1)?
113
Let r(p) = p**2 + 12*p + 15. Let a be r(-13). Suppose 136 = 4*z - a. List the prime factors of z.
41
List the prime factors of 5700/42 - 8/(-28).
2, 17
Let q(z) = 6*z + 24. List the prime factors of q(19).
2, 3, 23
List the prime factors of (-2)/9 - (-2982)/54.
5, 11
Let i(s) = s**3 + s**2 + s - 4. List the prime factors of i(3).
5, 7
Let a(r) = r**2 - 14*r + 18. List the prime factors of a(14).
2, 3
Let z = -56 + 257. List the prime factors of z.
3, 67
Let z = -17 + 42. Let o = -16 + z. What are the prime factors of o?
3
Suppose 3*f - 371 = -y + 179, 3*y = -3*f + 540. What are the prime factors of f?
5, 37
Let i(r) = -r**3 + 7*r**2 - 2*r - 8. Suppose 2*m - 6 = -7*c + 4*c, 3*m - 12 = -3*c. What are the prime factors of i(m)?
2
Let g = -46 - -85. Let m = -18 + g. What are the prime factors of m?
3, 7
What are the prime factors of -735*(-5 + (-28)/(-6))?
5, 7
Let j = 10 + 5. List the prime factors of j.
3, 5
Let k(d) be the third derivative of -d**6/120 + 3*d**5/20 - d**4/2 + 5*d**3/2 - 8*d**2. What are the prime factors of k(7)?
29
Suppose -2*k = -196 - 166. What are the prime factors of k?
181
Suppose -2*a + 2 = -12. List the prime factors of a.
7
Suppose -13*y = -3*y - 240. List the prime factors of y.
2, 3
Let w(s) = -s. Let i(z) = z**3 + 5*z**2 + 5*z - 2. Let g be i(-4). Let u(n) = 9*n + 11. Let o(c) = g*w(c) - u(c). List the prime factors of o(-9).
2
Let q(d) = d**3 - 20*d**2 + 2*d + 36. List the prime factors of q(20).
2, 19
Suppose 8*s + 2533 = 25*s. What are the prime factors of s?
149
Let p = 135 - -238. List the prime factors of p.
373
Suppose -3*p + 5*p - 229 = -3*d, p = 2*d - 162. Let k = d + -54. List the prime factors of k.
5
Let n = 501 - 247. List the prime factors of n.
2, 127
Let r = 10 - -11. What are the prime factors of r?
3, 7
Suppose -3*f + 8 = -7. What are the prime factors of f?
5
Suppose -z + 3*j + 207 = 42, -5*j = -10. List the prime factors of z.
3, 19
Let s be -2*(0 - 6/4). Suppose -5*i - 4 = -u - 3*i, 5*u - 7 = -s*i. List the prime factors of u.
2
Let n(t) = -t**2 + 5*t + 10. Let g be n(7). Let z = 41 + g. Suppose -h + 0*w + 2*w = 2, -z = -4*h - w. List the prime factors of h.
2
Let m be 26/6 + (-3)/9. Suppose -m = -d - 0*d. List the prime factors of d.
2
Suppose 0 = -4*i + 4*p + 64, 0 = -3*i - 3*p + 17 + 7. Let r = i - 0. What are the prime factors of r?
2, 3
Suppose 0 = 5*b - 46 + 6. Suppose 2*i + 0 - b = 0. What are the prime factors of i?
2
Suppose c - 5 = -3*j - 0*j, -j = -3*c + 5. Let m be (j/3)/((-2)/(-12)). Suppose -m*q = -21 - 5. What are the prime factors of q?
13
Let j be -3*9*4/(-2). Let p = j + -129. List the prime factors of (2/(-6))/(5/p).
5
Let c be 17/4 + (-5)/20. Suppose -c*a = -2*p + p - 17, -p + 5*a - 14 = 0. Let d = -17 - p. What are the prime factors of d?
2, 3
Suppose h - 4 = -0. Suppose r = -h*i - 3 - 1, 3*i = -3*r - 12. Suppose 3*k - 5*c + 19 = i, -3*k + c + 5 = 4. What are the prime factors of k?
2
Let v be (4/(-6))/((-4)/6). Let r be v/((2/4)/1). List the prime factors of (3 - r) + (-1)/(-1).
2
Suppose 3*y = -5 + 2, 4*h - 3*y = 23. Let i = 32 + -17. Let r = i - h. What are the prime factors of r?
2, 5
Suppose -16*n = -4*o - 12*n + 76, -4*n - 55 = -3*o. List the prime factors of o.
3, 7
Let k be 2/4 + 19/(-2). Let r be (-912)/k + 6/9. List the prime factors of (1/3)/(2/r).
17
Let n(l) = 2*l + 4. Let k be n(-2). Let p = 33 - k. List the prime factors of p.
3, 11
Let j(i) = -1. Let k(t) = t + 2. Let z(y) = -3*j(y) + k(y). Let a be z(0). Let v = a + -3. List the prime factors of v.
2
Suppose q - 2 - 136 = -3*d, -d = -3*q - 46. Suppose -2*s + d = 2*l - 30, -152 = -4*l + 3*s. List the prime factors of l.
2, 19
Suppose -2*c - 57 + 253 = 0. List the prime factors of c.
2, 7
Suppose -5*w = -17 - 3. Let f be ((-12)/15)/(w/(-10)). List the prime factors of (2 - 0) + (5 - f).
5
Suppose 2*y + 5*l - 320 = 0, 2*y + y - 518 = 2*l. 